Determine i(4).
9
Let a(p) = p**3 - 4*p**2 - 10*p + 30. Give a(5).
5
Let b(q) = -q**2 + 16*q. What is b(17)?
-17
Let x(a) = -a**3 + 7*a**2 + 5*a + 6. What is x(6)?
72
Let i(z) = -z**2 - 16*z + 2. Give i(-14).
30
Let d(a) = -4*a**2 + 5*a - 4. What is d(2)?
-10
Let g(p) = p**3 + 15*p**2 + 26*p + 2. Give g(-13).
2
Let m(r) = r**2 + 3*r + 9. What is m(-6)?
27
Let r(p) = 2*p**2 - 21*p - 24. Give r(12).
12
Let t(v) = v**2 + 13*v + 13. Determine t(-13).
13
Let u(f) = -2*f - 9. Give u(11).
-31
Let g(u) = u**2 + 25*u - 34. Determine g(-26).
-8
Let s(q) = -q**2 - q - 20. Determine s(0).
-20
Let w(y) = -y**3 - 2*y**2 + 51*y - 17. Give w(6).
1
Let q(k) = -2*k**3 + 5*k**2 + 4*k - 2. What is q(4)?
-34
Let m(f) = 5*f - 7. What is m(3)?
8
Let q(f) = -f**3 + 6*f**2 + 9*f - 2. Give q(7).
12
Let g(h) = -h**3 + 3*h**2 + 10*h - 22. Calculate g(4).
2
Let a(q) = -22*q - 2. Give a(-1).
20
Let u(j) = -j**3 + 7*j**2 - 6*j + 7. Determine u(6).
7
Let w(q) = -5*q - 39. What is w(-8)?
1
Let r(m) = -4*m**2 - 24*m - 44. Give r(-2).
-12
Let t(g) = 6*g**2 + 31*g + 40. Give t(-3).
1
Let z(m) = 6*m - 120. Give z(19).
-6
Let v(h) = -10*h + 149. Calculate v(14).
9
Let v(u) = 5*u + 20. Calculate v(7).
55
Let b(d) = -2*d + 2. Calculate b(7).
-12
Let i(c) = -3*c**2 - 19*c + 14. Calculate i(-7).
0
Let a(u) = -u + 1. What is a(-2)?
3
Let m(a) = 44*a + 395. Determine m(-9).
-1
Let q(u) = 38*u - 240. Determine q(7).
26
Let s(m) = 8*m + 40. Determine s(-4).
8
Let s(k) = -k**3 + 5*k**2 - k - 4. Give s(4).
8
Let d(l) = -2*l - 41. What is d(-13)?
-15
Let w(v) = -2*v**2 - 2*v + 10. Determine w(-3).
-2
Let b(n) = n**3 + 10*n**2 - 13*n - 14. Give b(-11).
8
Let y(u) = -u**3 - 24*u**2 - 26*u - 44. Calculate y(-23).
25
Let v(d) = d**3 + 4*d**2 + 3. Calculate v(-5).
-22
Let g(j) = -16*j - 107. Give g(-10).
53
Let u(g) = 3*g**2 - 7*g - 3. Calculate u(2).
-5
Let q(l) = -29*l + 1. Determine q(1).
-28
Let k(n) = -5*n + 30. Calculate k(6).
0
Let c(g) = -g**3 - 6*g**2 + 19*g - 28. What is c(-9)?
44
Let j(t) = t**2 - 8*t + 12. What is j(3)?
-3
Let n(r) = r**2 - 11*r + 3. What is n(12)?
15
Let x(c) = -c**3 + 9*c - 17. Determine x(6).
-179
Let z(h) = -2*h**2 - 22*h - 15. Determine z(-10).
5
Let z(v) = 28*v**2 - v + 1. What is z(1)?
28
Let o(l) = -l + 19. Give o(15).
4
Let y(d) = d + 11. Calculate y(-5).
6
Let j(s) = 2*s**2 + 18*s + 10. Give j(-8).
-6
Let s(b) = -b**3 + 10*b**2 - 15*b + 25. Give s(8).
33
Let g(i) = i**3 + 4*i**2 - 7*i - 6. Calculate g(-5).
4
Let u(l) = l**3 - 9*l**2 + 6*l + 19. Determine u(8).
3
Let x(q) = 20*q**3 + 2*q**2 - 2*q + 1. Calculate x(1).
21
Let b(i) = -3*i + 5. Give b(13).
-34
Let c(f) = f**2 + f - 3. Determine c(4).
17
Let k(y) = 3*y**2 + y + 5. Calculate k(2).
19
Let v(s) = -2*s**3 - 8*s**2 + 7*s + 9. Determine v(-4).
-19
Let g(s) = 19*s + 424. Determine g(-22).
6
Let i(d) = -d**2 + d + 7. Calculate i(-3).
-5
Let u(s) = s**2 + 10*s + 18. What is u(-6)?
-6
Let t(y) = -5*y - 4. Determine t(-8).
36
Let v(w) = w**3 - 102*w**2 - 320*w + 527. Give v(105).
2
Let y(d) = -d**3 + 6*d**2 + d - 4. Calculate y(6).
2
Let s(g) = 3*g**2 + 14*g - 19. Calculate s(-7).
30
Let h(x) = x**3 - 8*x**2 - 11*x + 17. Calculate h(9).
-1
Let x(s) = s**3 + 5*s**2 - 6*s + 9. Calculate x(-6).
9
Let w(d) = d**2 + 5*d - 12. What is w(-5)?
-12
Let f(i) = -i**3 + 14*i**2 + 17*i - 16. Give f(15).
14
Let u(i) = -46*i**3 + 2*i**2 - 1. What is u(1)?
-45
Let i(g) = -g + 27. Determine i(0).
27
Let i(z) = z - 19. Calculate i(17).
-2
Let c(z) = 20*z + 99. Give c(-5).
-1
Let y(g) = 2*g + 53. Give y(-31).
-9
Let b(u) = 4*u**2 - 4*u - 6. Determine b(-1).
2
Let g(y) = y**2 + y - 1. Determine g(-1).
-1
Let x(j) = -j**2 + 27*j - 28. Determine x(24).
44
Let s(o) = 13*o - 88. Determine s(8).
16
Let x(n) = 8*n + 58. Give x(-5).
18
Let s(g) = 2*g**3 + 17*g**2 + 15*g + 9. What is s(-8)?
-47
Let n(c) = c**3 - 9*c**2 + 15*c + 19. Determine n(5).
-6
Let n(m) = -m**3 - 5*m**2 + 2*m - 6. What is n(-5)?
-16
Let a(r) = 10*r + 10. Give a(-4).
-30
Let m(v) = v**2 + 25*v + 67. What is m(-21)?
-17
Let c(q) = q**3 + 8*q**2 + 3*q + 7. Calculate c(-7).
35
Let m(r) = 141*r - 1123. Calculate m(8).
5
Let b(u) = u - 12. Calculate b(15).
3
Let i(d) = -d**2 - 9*d - 12. What is i(-7)?
2
Let x(s) = 25*s + 1. Give x(-1).
-24
Let a(m) = -2*m**2 - 4*m + 8. Determine a(-7).
-62
Let g(v) = v**3 + 10*v**2 - 8*v - 12. What is g(-11)?
-45
Let r(t) = -156*t + 1246. Determine r(8).
-2
Let m(w) = 12*w + 48. Determine m(-6).
-24
Let h(i) = i**3 + 2*i**2 - i - 1. What is h(-2)?
1
Let h(u) = u**2 - 4*u - 37. What is h(-6)?
23
Let g(a) = -a**3 + 6*a**2 - 5*a - 10. Calculate g(6).
-40
Let y(l) = 19*l + 5. Determine y(5).
100
Let y(s) = -s**2 + 53*s - 226. Calculate y(5).
14
Let f(o) = -o**3 - 3*o + 4. Give f(-3).
40
Let w(b) = 2*b**2 - 5*b - 19. What is w(8)?
69
Let t(b) = -35*b + 698. Determine t(20).
-2
Let d(r) = r**2 + 10*r + 20. Give d(-11).
31
Let q(n) = n**3 + 4*n**2 - 4*n + 20. Determine q(-6).
-28
Let x(f) = f**2 + 7*f + 7. Calculate x(-3).
-5
Let z(a) = 28*a - 145. Determine z(5).
-5
Let r(o) = 53*o - 528. Determine r(10).
2
Let t(w) = w**3 + 12*w**2 + 6*w + 60. What is t(-12)?
-12
Let s(l) = -l**2 + l - 1. Determine s(0).
-1
Let m(x) = 7*x + 216. Give m(-21).
69
Let z(h) = 8*h - 72. What is z(8)?
-8
Let u(j) = 2*j - 6. What is u(-19)?
-44
Let u(q) = q**3 + 3*q**2 - 6*q - 12. Determine u(-4).
-4
Let f(i) = -5*i + 15. Determine f(10).
-35
Let t(f) = 6*f**2 + 3*f - 1. Calculate t(-1).
2
Let w(b) = b - 13. Determine w(5).
-8
Let n(y) = 2*y**3 + 9*y**2 - 20*y - 19. Determine n(-6).
-7
Let o(w) = 3*w**3 - 10*w**2 + w - 4. Calculate o(4).
32
Let n(z) = -15*z**2 + 2*z - 4. Determine n(1).
-17
Let j(b) = b**2 + 8*b - 48. Give j(4).
0
Let v(w) = -w**2 + 9*w - 17. Calculate v(6).
1
Let n(g) = -5*g - 2. Calculate n(-1).
3
Let y(z) = z**2 - 8*z - 5. What is y(10)?
15
Let f(w) = 59*w**2 + w. What is f(-1)?
58
Let c(s) = -2*s - 31. What is c(-16)?
1
Let b(m) = 107*m - 330. What is b(3)?
-9
Let q(y) = 11*y + 54. Determine q(-6).
-12
Let m(y) = y**3 - 10*y**2 + 9*y - 13. Give m(9).
-13
Let p(o) = -o**3 - 2*o - 7. Give p(0).
-7
Let a(l) = l**2 + 17*l + 13. Determine a(-5).
-47
Let h(a) = a**2 + 7*a + 19. Calculate h(-3).
7
Let z(j) = -j**2 - 3*j + 56. Give z(7).
-14
Let n(g) = -g**3 - 8*g**2 - 37*g - 138. What is n(-6)?
12
Let t(f) = 56*f + 113. What is t(-2)?
1
Let g(i) = -19*i + 833. Determine g(44).
-3
Let i(j) = -j**3 + 13*j**2 + 10*j + 20. What is i(14)?
-36
Let k(j) = -11*j + 902. What is k(83)?
-11
Let y(n) = -n - 57. Give y(-70).
13
Let y(i) = -i**3 - 20*i**2 + 23*i + 48. Calculate y(-21).
6
Let k(h) = -3*h - 10. What is k(-1)?
-7
Let n(w) = w**3 + 6*w**2 - 16*w - 19. Determine n(-8).
-19
Let w(j) = 32*j + 195. Calculate w(-6).
3
Let l(a) = -a**3 - 9*a**2 + 13*a + 11. Calculate l(-10).
-19
Let u(r) = -37*r**3 - r**2 + r - 1. Give u(1).
-38
Let u(q) = -q**3 - q**2 - 101. Determine u(0).
-101
Let n(i) = -28*i**2 - 4*i + 3. What is n(1)?
-29
Let p(j) = -j**3 + 11*j**2 + 2*j + 124. Determine p(12).
4
Let s(y) = -y**3 - y**2 + 2*y + 40. Calculate s(0).
40
Let a(q) = -q + 10. Give a(6).
4
Let v(d) = d**2 + 6*d - 15. Give v(-8).
1
Let q(s) = s**3 - 11*s**2 + 11*s - 9. Calculate q(10).
1
Let b(l) = l + 29. Give b(-14).
15
Let x(j) = j - 7. Determine x(9).
2
Let q(c) = -c**3 + 5*c**2 + c + 2. Give q(4).
22
Let k(m) = m**2 - 7*m - 10. Determine k(-3).
20
Let x(v) = v**3 + 26*v**2 - v - 29. Calculate x(-26).
-3
Let g(u) = u**2 - 20*u + 2. What is g(8)?
-94
Let d(g) = g**2 + 18*g - 15. Determine d(-9).
-96
Let j(t) = -2*t - 15. Give j(-13).
11
Let n(z) = -z**3 - 7*z**2 + 17*z + 76. What is n(-8)?
4
Let k(h) = h**3 + 8*h**2 + 5*h - 1. Give k(-8).
-41
Let x(d) = d + 8. Determine x(12).
20
Let d(q) = -10*q - 9. Give d(-2).
11
Let w(b) = b**3 + 11*b**2 - 57*b - 536. What is w(-12)?
4
Let u(g) = -5*g - 1. Determine u(-1).
4
Let g(s) = -2*s**3 + 30*s**2 - 29*s + 6. Calculate g(14).
-8
Let f(h) = -h**3 + 31*h**2 - 26*h - 128. Calculate f(30).
-8
Let j(g) = g**2 + g - 21. What is j(0)?
-21
Let v(a) = 5*a - 7. Determine v(-7).
-42
Let z(f) = f**2 - 6*f - 5. What is z(-4)?
35
Let c(w) = -11*w + 93. Give c(9).
-6
Let a(d) = -3*d - 4. Give a(-1).
-1
Let g(q) = 3*q**2 + 123*q - 3. What is g(-41)?
-3
Let a(t) = -19*t**3 - 2*t + 3. Determine a(1).
-18
Let w(s) = -s**2 + 8*s - 20. What is w